{"id":36198,"date":"2020-05-15T15:03:54","date_gmt":"2020-05-15T13:03:54","guid":{"rendered":"http:\/\/20.wj-karlsruhe.de.dedi4031.your-server.de\/?page_id=36198"},"modified":"2025-02-14T16:54:05","modified_gmt":"2025-02-14T16:54:05","slug":"konferenzen-und-akademien","status":"publish","type":"page","link":"https:\/\/www.wirtschaftsjunioren-dillingen.de\/wordpress\/index.php\/konferenzen-und-akademien\/","title":{"rendered":"Konferenzen"},"content":{"rendered":"<div class=\"v-hero hero has-max-width mb-xxl\"><div class=\"hero-swiper test swiper-container\"><div class=\"swiper-wrapper\"><\/div><\/div><div class=\"hero__box hero__no_image is-highlighted\"><h1 class=\"hero__headline\">Konferenzen &amp; Akademien<\/h1><h3 class=\"hero__subheadline\"><\/h3><\/div><\/div>\n\n<div class=\"headline-section\"><div class=\"headline-section__content container text-center\"><h2 class=\"headline-section__headline is-highlighted\"><\/h2><\/div><\/div><div class=\"section\" data-card-image-height=\"-1\" data-card-image-orientation=\"image-middle-center\"><div class=\"section__content container\">\n<div class=\"wp-block-wjd-group\">\n<p>J\u00e4hrlich treffen sich Wirtschaftsjunioren aus allen Regionen Deutschlands und der ganzen Welt auf ihren Konferenzen mit offiziellem Verbandsprogramm, vielf\u00e4ltigem Seminar- und buntem Rahmenprogramm sowie hochkar\u00e4tigen Abendveranstaltungen. <\/p>\n\n\n\n<p>Auf den Konferenzen wird das gro\u00dfe Netzwerk des Verbands greifbar und die junge Wirtschaft trifft sich auf Landes- (LaKo), Bundes- (BuKo), Europa- (EuKo) und Welt- (WeKo) -Ebene. <\/p>\n\n\n\n<p><\/p>\n<\/div>\n<\/div><\/div>\n\n<div class=\"headline-section\"><div class=\"headline-section__content container text-center\"><h2 class=\"headline-section__headline is-highlighted\"><\/h2><\/div><\/div><div class=\"section\" data-card-image-height=\"-1\" data-card-image-orientation=\"image-middle-center\"><div class=\"section__content container\">\n<div class=\"wp-block-wjd-group\">\n<figure class=\"wp-block-gallery has-nested-images columns-default wp-block-gallery-1 is-layout-flex wp-block-gallery-is-layout-flex\">\n<figure class=\"wp-block-image size-large\"><img decoding=\"async\" data-id=\"37937\" src=\"https:\/\/wj-karlsruhe.de\/wp-content\/uploads\/2020\/11\/weltkonferenz-better-you-wirtschaftsjunioren-karlsruhe-1024x769.jpg\" alt=\"\" class=\"wp-image-37937\"\/><\/figure>\n\n\n\n<figure class=\"wp-block-image size-large\"><img decoding=\"async\" data-id=\"37938\" src=\"https:\/\/wj-karlsruhe.de\/wp-content\/uploads\/2020\/11\/weltkonferenz-estland-deutsche-delegation-buehne-wirtschaftsjunioren-karlsruhe.jpg\" alt=\"\" class=\"wp-image-37938\"\/><\/figure>\n\n\n\n<figure class=\"wp-block-image size-large\"><img decoding=\"async\" data-id=\"37940\" src=\"https:\/\/wj-karlsruhe.de\/wp-content\/uploads\/2020\/11\/weltkonferenz-tallinn-deutscher-stand-wirtschaftsjunioren-karlsruhe.jpg\" alt=\"\" class=\"wp-image-37940\"\/><\/figure>\n<\/figure>\n<\/div>\n<\/div><\/div>\n\n<div class=\"headline-section\"><div class=\"headline-section__content container text-center\"><h2 class=\"headline-section__headline is-highlighted\">Kommende Konferenzen<\/h2><\/div><\/div><div class=\"section\" data-card-image-height=\"-1\" data-card-image-orientation=\"image-middle-center\"><div class=\"section__content container\">\n<div class=\"wp-block-wjd-group\">\n<div class=\"wp-block-columns is-layout-flex wp-container-core-columns-is-layout-9d6595d7 wp-block-columns-is-layout-flex\">\n<div class=\"wp-block-column is-layout-flow wp-block-column-is-layout-flow\"><div class=\"card has-image is-plain\"><div class=\"card__content\"><ul class=\"card__meta-data no-list-style\"><li class=\"card__meta-data-item is-date\">2025<\/li><li class=\"card__meta-data-item is-text\"><strong>Landeskonferenz<\/strong><\/li><\/ul><div class=\"card__main\"><h3 class=\"card__headline\">Schweinfurt<\/h3><div class=\"rte-content v-margin-collapse\"><div class=\"card__image-wrapper\"><figure class=\"figure\"><div class=\"figure__image-wrapper is-highlighted\"><div class=\"figure__image\"><img decoding=\"async\" src=\"https:\/\/wj-karlsruhe.de\/wp-content\/uploads\/2020\/11\/landeskonferenz-baden-wuerttemberg-reutlingen-2021-logo-wirtschaftsjunioren-karlsruhe.png\"><\/div><\/div><\/figure><\/div>\n\n<p>Eine Landeskonferenz gibt es in jedem der 11 Landesverb\u00e4nde in unterschiedlichen Auspr\u00e4gungen.\u00a0Du kannst als Mitglied von WJD an allen Landeskonferenzen teilnehmen.<\/p>\n\n\n\n<p><strong>LaKo\u00a0202<\/strong>5<br>12. &#8211; 15.06.2025 in Schweinfurt<\/p>\n\n<\/div><\/div> <div class=\"card__footer\"><a href=\"https:\/\/www.lako-sw.de\" ref=\"cta\" class=\"card__cta is-link\" target=\"_blank\">Mehr zur Landeskonferenz 2025 erfahren<i class=\"card__icon  fas fa-chevron-right\" aria-hidden=\"true\"><\/i><\/a><\/div><\/div><\/div><\/div>\n\n\n\n<div class=\"wp-block-column is-layout-flow wp-block-column-is-layout-flow\"><div class=\"card has-image is-plain\"><div class=\"card__content\"><ul class=\"card__meta-data no-list-style\"><li class=\"card__meta-data-item is-date\">2025<\/li><li class=\"card__meta-data-item is-text\">Bundeskonferenz<\/li><\/ul><div class=\"card__main\"><h3 class=\"card__headline\"><strong>Chemnitz<\/strong><\/h3><div class=\"rte-content v-margin-collapse\"><div class=\"card__image-wrapper\"><figure class=\"figure\"><div class=\"figure__image-wrapper is-highlighted\"><div class=\"figure__image\"><img decoding=\"async\" src=\"https:\/\/wj-karlsruhe.de\/wp-content\/uploads\/2020\/11\/europakonferenz-rostock-2021-kreuzfahrt-logo-wirtschaftsjunioren-karlsruhe.jpg\"><\/div><\/div><\/figure><\/div>\n\n<p>B<\/p>\n\n\n\n<p>Bei der Bundeskonferenz treffen sich alle Mitglieder von WJD. Die Bundeskonferenz findet irgendwo im Bundesgebiet statt und es nehmen bis zu 1.000 Teilnehmer daran teil. W\u00e4hrend der BuKo findet immer eine Bundesdelegiertenversammlung statt, in der Beschl\u00fcsse f\u00fcr WJD getroffen werden.<\/p>\n\n\n\n<p><strong>Buko 202<\/strong>5<br>18. &#8211; 21.09.2025 in Chemnitz<\/p>\n\n<\/div><\/div> <div class=\"card__footer\"><a href=\"https:\/\/www.buko-chemnitz.de\" ref=\"cta\" class=\"card__cta is-link\" target=\"_blank\">Mehr zur Bundeskonferenz 2025 erfahren<i class=\"card__icon  fas fa-chevron-right\" aria-hidden=\"true\"><\/i><\/a><\/div><\/div><\/div><\/div>\n\n\n\n<div class=\"wp-block-column is-layout-flow wp-block-column-is-layout-flow\"><div class=\"card has-image is-plain\"><div class=\"card__content\"><ul class=\"card__meta-data no-list-style\"><li class=\"card__meta-data-item is-date\">2025<\/li><li class=\"card__meta-data-item is-text\">Europakonferenz<\/li><\/ul><div class=\"card__main\"><h3 class=\"card__headline\"><strong>Bukarest<\/strong><\/h3><div class=\"rte-content v-margin-collapse\"><div class=\"card__image-wrapper\"><figure class=\"figure\"><div class=\"figure__image-wrapper is-highlighted\"><div class=\"figure__image\"><img decoding=\"async\" src=\"https:\/\/wj-karlsruhe.de\/wp-content\/uploads\/2020\/11\/europakonferenz-rostock-2021-logo-wirtschaftsjunioren-karlsruhe.jpg\"><\/div><\/div><\/figure><\/div>\n\n<p>Die Europakonferenz wird von einem europ\u00e4ischen Kreis ausgerichtet und findet irgendwo in Europa statt. Dort treffen sich j\u00e4hrlich zwischen 1.000 -2.500 Junioren aus ganz Europa.<\/p>\n\n\n\n<p><strong>European Conference Cruise (ECC)<\/strong><br>04. &#8211; 07.06.2025 in Herning, Denmark<\/p>\n\n<\/div><\/div> <div class=\"card__footer\"><a href=\"https:\/\/www.jciec2025.com\" ref=\"cta\" class=\"card__cta is-link\" target=\"_blank\">Mehr zur Europakonferenz 2025 erfahren<i class=\"card__icon  fas fa-chevron-right\" aria-hidden=\"true\"><\/i><\/a><\/div><\/div><\/div><\/div>\n<\/div>\n<\/div>\n<\/div><\/div>\n\n<div class=\"headline-section\"><div class=\"headline-section__content container text-center\"><h2 class=\"headline-section__headline is-highlighted\">Das sind die n\u00e4chsten Konferenzen &#8211; gleich anmelden!<\/h2><\/div><\/div><div class=\"section\" data-card-image-height=\"-1\" data-card-image-orientation=\"image-middle-center\"><div class=\"section__content container\">\n<div class=\"wp-block-wjd-group\">\n<p class=\"has-text-align-center\">Wenn auch du als Delegierter der Wirtschaftsjunioren Dillingen eine Konferenz besuchen m\u00f6chtest, melde dich am besten direkt hier an und wir melden uns bei dir f\u00fcr die weitere Koordination! <\/p>\n<\/div>\n<\/div><\/div>","protected":false},"excerpt":{"rendered":"","protected":false},"author":1,"featured_media":0,"parent":0,"menu_order":0,"comment_status":"closed","ping_status":"closed","template":"","meta":{"footnotes":""},"class_list":["post-36198","page","type-page","status-publish","hentry"],"yoast_head":"<!-- This site is optimized with the Yoast SEO plugin v26.0 - https:\/\/yoast.com\/wordpress\/plugins\/seo\/ -->\n<title>Konferenzen - Wirtschaftsjunioren Dillingen<\/title>\n<meta name=\"description\" content=\"Wirtschaftsjunioren aus allen Regionen Deutschlands und der ganzen Welt treffen sich auf ihren Konferenzen mit offiziellem Verbandsprogramm.\" \/>\n<meta name=\"robots\" content=\"index, follow, max-snippet:-1, max-image-preview:large, max-video-preview:-1\" \/>\n<link rel=\"canonical\" href=\"https:\/\/www.wirtschaftsjunioren-dillingen.de\/wordpress\/index.php\/konferenzen-und-akademien\/\" \/>\n<meta property=\"og:locale\" content=\"de_DE\" \/>\n<meta property=\"og:type\" content=\"article\" \/>\n<meta property=\"og:title\" content=\"Konferenzen - Wirtschaftsjunioren Dillingen\" \/>\n<meta property=\"og:description\" content=\"Wirtschaftsjunioren aus allen Regionen Deutschlands und der ganzen Welt treffen sich auf ihren Konferenzen mit offiziellem Verbandsprogramm.\" \/>\n<meta property=\"og:url\" content=\"https:\/\/www.wirtschaftsjunioren-dillingen.de\/wordpress\/index.php\/konferenzen-und-akademien\/\" \/>\n<meta property=\"og:site_name\" content=\"Wirtschaftsjunioren Dillingen\" \/>\n<meta property=\"article:publisher\" content=\"https:\/\/www.facebook.com\/wj.dlg\/\" \/>\n<meta property=\"article:modified_time\" content=\"2025-02-14T16:54:05+00:00\" \/>\n<meta name=\"twitter:card\" content=\"summary_large_image\" \/>\n<meta name=\"twitter:label1\" content=\"Gesch\u00e4tzte Lesezeit\" \/>\n\t<meta name=\"twitter:data1\" content=\"2\u00a0Minuten\" \/>\n<script type=\"application\/ld+json\" class=\"yoast-schema-graph\">{\"@context\":\"https:\/\/schema.org\",\"@graph\":[{\"@type\":\"WebPage\",\"@id\":\"https:\/\/www.wirtschaftsjunioren-dillingen.de\/wordpress\/index.php\/konferenzen-und-akademien\/\",\"url\":\"https:\/\/www.wirtschaftsjunioren-dillingen.de\/wordpress\/index.php\/konferenzen-und-akademien\/\",\"name\":\"Konferenzen - Wirtschaftsjunioren Dillingen\",\"isPartOf\":{\"@id\":\"https:\/\/www.wirtschaftsjunioren-dillingen.de\/wordpress\/#website\"},\"primaryImageOfPage\":{\"@id\":\"https:\/\/www.wirtschaftsjunioren-dillingen.de\/wordpress\/index.php\/konferenzen-und-akademien\/#primaryimage\"},\"image\":{\"@id\":\"https:\/\/www.wirtschaftsjunioren-dillingen.de\/wordpress\/index.php\/konferenzen-und-akademien\/#primaryimage\"},\"thumbnailUrl\":\"https:\/\/wj-karlsruhe.de\/wp-content\/uploads\/2020\/11\/weltkonferenz-better-you-wirtschaftsjunioren-karlsruhe-1024x769.jpg\",\"datePublished\":\"2020-05-15T13:03:54+00:00\",\"dateModified\":\"2025-02-14T16:54:05+00:00\",\"description\":\"Wirtschaftsjunioren aus allen Regionen Deutschlands und der ganzen Welt treffen sich auf ihren Konferenzen mit offiziellem Verbandsprogramm.\",\"breadcrumb\":{\"@id\":\"https:\/\/www.wirtschaftsjunioren-dillingen.de\/wordpress\/index.php\/konferenzen-und-akademien\/#breadcrumb\"},\"inLanguage\":\"de\",\"potentialAction\":[{\"@type\":\"ReadAction\",\"target\":[\"https:\/\/www.wirtschaftsjunioren-dillingen.de\/wordpress\/index.php\/konferenzen-und-akademien\/\"]}]},{\"@type\":\"ImageObject\",\"inLanguage\":\"de\",\"@id\":\"https:\/\/www.wirtschaftsjunioren-dillingen.de\/wordpress\/index.php\/konferenzen-und-akademien\/#primaryimage\",\"url\":\"https:\/\/wj-karlsruhe.de\/wp-content\/uploads\/2020\/11\/weltkonferenz-better-you-wirtschaftsjunioren-karlsruhe-1024x769.jpg\",\"contentUrl\":\"https:\/\/wj-karlsruhe.de\/wp-content\/uploads\/2020\/11\/weltkonferenz-better-you-wirtschaftsjunioren-karlsruhe-1024x769.jpg\"},{\"@type\":\"BreadcrumbList\",\"@id\":\"https:\/\/www.wirtschaftsjunioren-dillingen.de\/wordpress\/index.php\/konferenzen-und-akademien\/#breadcrumb\",\"itemListElement\":[{\"@type\":\"ListItem\",\"position\":1,\"name\":\"Home\",\"item\":\"https:\/\/www.wirtschaftsjunioren-dillingen.de\/wordpress\/\"},{\"@type\":\"ListItem\",\"position\":2,\"name\":\"Konferenzen\"}]},{\"@type\":\"WebSite\",\"@id\":\"https:\/\/www.wirtschaftsjunioren-dillingen.de\/wordpress\/#website\",\"url\":\"https:\/\/www.wirtschaftsjunioren-dillingen.de\/wordpress\/\",\"name\":\"Wirtschaftsjunioren Dillingen\",\"description\":\"Die Seite der WJ Dillingen\",\"publisher\":{\"@id\":\"https:\/\/www.wirtschaftsjunioren-dillingen.de\/wordpress\/#organization\"},\"potentialAction\":[{\"@type\":\"SearchAction\",\"target\":{\"@type\":\"EntryPoint\",\"urlTemplate\":\"https:\/\/www.wirtschaftsjunioren-dillingen.de\/wordpress\/?s={search_term_string}\"},\"query-input\":{\"@type\":\"PropertyValueSpecification\",\"valueRequired\":true,\"valueName\":\"search_term_string\"}}],\"inLanguage\":\"de\"},{\"@type\":\"Organization\",\"@id\":\"https:\/\/www.wirtschaftsjunioren-dillingen.de\/wordpress\/#organization\",\"name\":\"Wirtschaftsjunioren Dillingen\",\"url\":\"https:\/\/www.wirtschaftsjunioren-dillingen.de\/wordpress\/\",\"logo\":{\"@type\":\"ImageObject\",\"inLanguage\":\"de\",\"@id\":\"https:\/\/www.wirtschaftsjunioren-dillingen.de\/wordpress\/#\/schema\/logo\/image\/\",\"url\":\"https:\/\/www.wirtschaftsjunioren-dillingen.de\/wordpress\/wp-content\/uploads\/2023\/07\/Dillingen.svg\",\"contentUrl\":\"https:\/\/www.wirtschaftsjunioren-dillingen.de\/wordpress\/wp-content\/uploads\/2023\/07\/Dillingen.svg\",\"width\":388,\"height\":107,\"caption\":\"Wirtschaftsjunioren Dillingen\"},\"image\":{\"@id\":\"https:\/\/www.wirtschaftsjunioren-dillingen.de\/wordpress\/#\/schema\/logo\/image\/\"},\"sameAs\":[\"https:\/\/www.facebook.com\/wj.dlg\/\"]}]}<\/script>\n<!-- \/ Yoast SEO plugin. -->","yoast_head_json":{"title":"Konferenzen - Wirtschaftsjunioren Dillingen","description":"Wirtschaftsjunioren aus allen Regionen Deutschlands und der ganzen Welt treffen sich auf ihren Konferenzen mit offiziellem Verbandsprogramm.","robots":{"index":"index","follow":"follow","max-snippet":"max-snippet:-1","max-image-preview":"max-image-preview:large","max-video-preview":"max-video-preview:-1"},"canonical":"https:\/\/www.wirtschaftsjunioren-dillingen.de\/wordpress\/index.php\/konferenzen-und-akademien\/","og_locale":"de_DE","og_type":"article","og_title":"Konferenzen - Wirtschaftsjunioren Dillingen","og_description":"Wirtschaftsjunioren aus allen Regionen Deutschlands und der ganzen Welt treffen sich auf ihren Konferenzen mit offiziellem Verbandsprogramm.","og_url":"https:\/\/www.wirtschaftsjunioren-dillingen.de\/wordpress\/index.php\/konferenzen-und-akademien\/","og_site_name":"Wirtschaftsjunioren Dillingen","article_publisher":"https:\/\/www.facebook.com\/wj.dlg\/","article_modified_time":"2025-02-14T16:54:05+00:00","twitter_card":"summary_large_image","twitter_misc":{"Gesch\u00e4tzte Lesezeit":"2\u00a0Minuten"},"schema":{"@context":"https:\/\/schema.org","@graph":[{"@type":"WebPage","@id":"https:\/\/www.wirtschaftsjunioren-dillingen.de\/wordpress\/index.php\/konferenzen-und-akademien\/","url":"https:\/\/www.wirtschaftsjunioren-dillingen.de\/wordpress\/index.php\/konferenzen-und-akademien\/","name":"Konferenzen - Wirtschaftsjunioren Dillingen","isPartOf":{"@id":"https:\/\/www.wirtschaftsjunioren-dillingen.de\/wordpress\/#website"},"primaryImageOfPage":{"@id":"https:\/\/www.wirtschaftsjunioren-dillingen.de\/wordpress\/index.php\/konferenzen-und-akademien\/#primaryimage"},"image":{"@id":"https:\/\/www.wirtschaftsjunioren-dillingen.de\/wordpress\/index.php\/konferenzen-und-akademien\/#primaryimage"},"thumbnailUrl":"https:\/\/wj-karlsruhe.de\/wp-content\/uploads\/2020\/11\/weltkonferenz-better-you-wirtschaftsjunioren-karlsruhe-1024x769.jpg","datePublished":"2020-05-15T13:03:54+00:00","dateModified":"2025-02-14T16:54:05+00:00","description":"Wirtschaftsjunioren aus allen Regionen Deutschlands und der ganzen Welt treffen sich auf ihren Konferenzen mit offiziellem Verbandsprogramm.","breadcrumb":{"@id":"https:\/\/www.wirtschaftsjunioren-dillingen.de\/wordpress\/index.php\/konferenzen-und-akademien\/#breadcrumb"},"inLanguage":"de","potentialAction":[{"@type":"ReadAction","target":["https:\/\/www.wirtschaftsjunioren-dillingen.de\/wordpress\/index.php\/konferenzen-und-akademien\/"]}]},{"@type":"ImageObject","inLanguage":"de","@id":"https:\/\/www.wirtschaftsjunioren-dillingen.de\/wordpress\/index.php\/konferenzen-und-akademien\/#primaryimage","url":"https:\/\/wj-karlsruhe.de\/wp-content\/uploads\/2020\/11\/weltkonferenz-better-you-wirtschaftsjunioren-karlsruhe-1024x769.jpg","contentUrl":"https:\/\/wj-karlsruhe.de\/wp-content\/uploads\/2020\/11\/weltkonferenz-better-you-wirtschaftsjunioren-karlsruhe-1024x769.jpg"},{"@type":"BreadcrumbList","@id":"https:\/\/www.wirtschaftsjunioren-dillingen.de\/wordpress\/index.php\/konferenzen-und-akademien\/#breadcrumb","itemListElement":[{"@type":"ListItem","position":1,"name":"Home","item":"https:\/\/www.wirtschaftsjunioren-dillingen.de\/wordpress\/"},{"@type":"ListItem","position":2,"name":"Konferenzen"}]},{"@type":"WebSite","@id":"https:\/\/www.wirtschaftsjunioren-dillingen.de\/wordpress\/#website","url":"https:\/\/www.wirtschaftsjunioren-dillingen.de\/wordpress\/","name":"Wirtschaftsjunioren Dillingen","description":"Die Seite der WJ Dillingen","publisher":{"@id":"https:\/\/www.wirtschaftsjunioren-dillingen.de\/wordpress\/#organization"},"potentialAction":[{"@type":"SearchAction","target":{"@type":"EntryPoint","urlTemplate":"https:\/\/www.wirtschaftsjunioren-dillingen.de\/wordpress\/?s={search_term_string}"},"query-input":{"@type":"PropertyValueSpecification","valueRequired":true,"valueName":"search_term_string"}}],"inLanguage":"de"},{"@type":"Organization","@id":"https:\/\/www.wirtschaftsjunioren-dillingen.de\/wordpress\/#organization","name":"Wirtschaftsjunioren Dillingen","url":"https:\/\/www.wirtschaftsjunioren-dillingen.de\/wordpress\/","logo":{"@type":"ImageObject","inLanguage":"de","@id":"https:\/\/www.wirtschaftsjunioren-dillingen.de\/wordpress\/#\/schema\/logo\/image\/","url":"https:\/\/www.wirtschaftsjunioren-dillingen.de\/wordpress\/wp-content\/uploads\/2023\/07\/Dillingen.svg","contentUrl":"https:\/\/www.wirtschaftsjunioren-dillingen.de\/wordpress\/wp-content\/uploads\/2023\/07\/Dillingen.svg","width":388,"height":107,"caption":"Wirtschaftsjunioren Dillingen"},"image":{"@id":"https:\/\/www.wirtschaftsjunioren-dillingen.de\/wordpress\/#\/schema\/logo\/image\/"},"sameAs":["https:\/\/www.facebook.com\/wj.dlg\/"]}]}},"_links":{"self":[{"href":"https:\/\/www.wirtschaftsjunioren-dillingen.de\/wordpress\/index.php\/wp-json\/wp\/v2\/pages\/36198","targetHints":{"allow":["GET"]}}],"collection":[{"href":"https:\/\/www.wirtschaftsjunioren-dillingen.de\/wordpress\/index.php\/wp-json\/wp\/v2\/pages"}],"about":[{"href":"https:\/\/www.wirtschaftsjunioren-dillingen.de\/wordpress\/index.php\/wp-json\/wp\/v2\/types\/page"}],"author":[{"embeddable":true,"href":"https:\/\/www.wirtschaftsjunioren-dillingen.de\/wordpress\/index.php\/wp-json\/wp\/v2\/users\/1"}],"replies":[{"embeddable":true,"href":"https:\/\/www.wirtschaftsjunioren-dillingen.de\/wordpress\/index.php\/wp-json\/wp\/v2\/comments?post=36198"}],"version-history":[{"count":7,"href":"https:\/\/www.wirtschaftsjunioren-dillingen.de\/wordpress\/index.php\/wp-json\/wp\/v2\/pages\/36198\/revisions"}],"predecessor-version":[{"id":136655,"href":"https:\/\/www.wirtschaftsjunioren-dillingen.de\/wordpress\/index.php\/wp-json\/wp\/v2\/pages\/36198\/revisions\/136655"}],"wp:attachment":[{"href":"https:\/\/www.wirtschaftsjunioren-dillingen.de\/wordpress\/index.php\/wp-json\/wp\/v2\/media?parent=36198"}],"curies":[{"name":"wp","href":"https:\/\/api.w.org\/{rel}","templated":true}]}}